ighest common divisor of 119690 and 50?
10
What is the highest common factor of 978 and 14110584?
978
What is the highest common factor of 62669 and 493?
29
What is the greatest common factor of 3479037 and 124?
31
Calculate the highest common factor of 138574 and 19386.
718
Calculate the highest common divisor of 84 and 93948.
12
What is the greatest common divisor of 9612 and 4628?
356
Calculate the greatest common factor of 303596 and 5396.
284
What is the greatest common factor of 1513239 and 966?
483
What is the highest common divisor of 1700 and 257550?
850
What is the highest common factor of 95888 and 1664?
208
What is the greatest common divisor of 3108 and 708?
12
Calculate the greatest common factor of 2350 and 2.
2
What is the highest common factor of 330 and 123486?
66
What is the greatest common divisor of 2628 and 2044?
292
Calculate the greatest common divisor of 5332 and 4619.
31
Calculate the greatest common divisor of 43204 and 1022.
14
Calculate the highest common divisor of 12261 and 6405.
183
Calculate the greatest common factor of 27 and 34038.
9
Calculate the highest common divisor of 2145 and 3165.
15
What is the highest common divisor of 412402 and 1591?
37
What is the highest common divisor of 36 and 45636?
12
What is the greatest common factor of 5705 and 665?
35
What is the greatest common factor of 599 and 20?
1
Calculate the highest common divisor of 954966 and 12.
6
What is the highest common divisor of 680 and 8760?
40
What is the greatest common divisor of 12540304 and 56?
56
Calculate the greatest common factor of 116958 and 404.
202
Calculate the greatest common divisor of 945497 and 266.
133
Calculate the highest common divisor of 101067 and 354.
177
Calculate the highest common divisor of 796 and 420089.
199
What is the greatest common factor of 565 and 445?
5
Calculate the greatest common divisor of 42032 and 672.
16
Calculate the highest common divisor of 54 and 10266.
6
What is the highest common factor of 1334718 and 36?
18
Calculate the highest common factor of 2904 and 101761.
121
Calculate the greatest common factor of 17 and 29597.
17
Calculate the highest common factor of 278003 and 381.
127
What is the highest common divisor of 335180 and 1280?
20
What is the greatest common factor of 208 and 30056?
104
Calculate the greatest common divisor of 1185 and 3435.
15
What is the greatest common factor of 19754 and 170?
34
Calculate the greatest common divisor of 357216 and 96.
96
What is the greatest common factor of 281 and 736501?
281
What is the greatest common factor of 14 and 217749?
7
Calculate the greatest common factor of 3741 and 301.
43
Calculate the highest common factor of 7336770 and 84.
42
Calculate the highest common factor of 23124 and 1034.
94
What is the greatest common factor of 13800 and 7820?
460
Calculate the greatest common factor of 1804 and 87904.
164
Calculate the highest common factor of 1881 and 313443.
171
Calculate the highest common factor of 705 and 130895.
235
Calculate the greatest common factor of 190163 and 397.
397
Calculate the highest common divisor of 459 and 73287.
153
Calculate the greatest common factor of 1414 and 150894.
202
What is the greatest common factor of 2132 and 598?
26
What is the highest common factor of 2497136 and 16?
16
What is the highest common factor of 281537 and 221?
17
What is the highest common divisor of 60 and 346812?
12
Calculate the highest common factor of 36484 and 56.
28
What is the highest common divisor of 38115 and 2205?
315
Calculate the greatest common divisor of 1498617 and 38777.
2281
What is the greatest common divisor of 60760 and 315?
35
Calculate the highest common divisor of 7768498 and 591.
197
Calculate the greatest common factor of 10712 and 5720.
104
Calculate the highest common factor of 12770 and 30.
10
Calculate the greatest common factor of 154143 and 495.
99
What is the highest common factor of 130758 and 76?
38
Calculate the highest common factor of 94580 and 820.
20
What is the highest common factor of 126 and 134982?
18
Calculate the highest common divisor of 4644 and 678798.
774
Calculate the highest common divisor of 44 and 66902.
22
Calculate the greatest common divisor of 40 and 59320.
40
Calculate the greatest common divisor of 114557 and 97.
97
What is the highest common factor of 3626 and 1393?
7
Calculate the greatest common divisor of 4402223 and 37.
37
Calculate the greatest common divisor of 226651 and 57.
19
What is the greatest common factor of 1444 and 1252670?
722
Calculate the greatest common factor of 627240 and 840.
120
Calculate the highest common divisor of 4862 and 11011.
143
What is the highest common factor of 665412 and 1254?
66
Calculate the greatest common factor of 3 and 434271.
3
What is the highest common factor of 2703 and 3931063?
901
What is the greatest common divisor of 1572 and 96?
12
What is the greatest common divisor of 14691 and 236?
59
Calculate the highest common factor of 2962 and 1953439.
1481
What is the highest common factor of 220 and 4660?
20
Calculate the greatest common divisor of 78 and 135174.
78
Calculate the highest common divisor of 45 and 75340.
5
Calculate the highest common divisor of 12 and 46786.
2
Calculate the highest common divisor of 10292 and 1984.
124
What is the highest common factor of 33 and 124828?
11
Calculate the highest common divisor of 17 and 198509.
17
What is the greatest common factor of 403 and 115063?
13
What is the greatest common factor of 44 and 159324?
44
Calculate the greatest common divisor of 70 and 55790.
70
Calculate the greatest common divisor of 326 and 2.
2
What is the highest common divisor of 784 and 334096?
112
What is the highest common factor of 1152 and 1881?
9
Calculate the highest common factor of 1560 and 2136.
24
What is the greatest common divisor of 21 and 120225?
21
Calculate the highest common divisor of 7301 and 647703.
1043
Calculate the highest common factor of 213200 and 130.
130
Calculate the greatest common factor of 907840 and 480.
160
What is the greatest common divisor of 3484144 and 157?
157
Calculate the greatest common factor of 462 and 4818.
66
Calculate the highest common divisor of 316 and 12798.
158
What is the greatest common factor of 2441 and 149?
1
Calculate the greatest common divisor of 1435050 and 5400.
1350
What is the highest common divisor of 1 and 370009?
1
What is the greatest common divisor of 490 and 60858?
98
Calculate the greatest common factor of 160 and 43560.
40
Calculate the greatest common divisor of 11714 and 2.
2
Calculate the highest common divisor of 103 and 17819.
103
What is the highest common divisor of 56 and 7136?
8
Calculate the greatest common factor of 111 and 366411.
111
Calculate the highest common factor of 28512 and 486.
162
Calculate the highest common divisor of 777 and 780626.
259
What is the greatest common factor of 241 and 20?
1
What is the greatest common divisor of 1029348 and 1296?
324
Calculate the greatest common divisor of 203197 and 317.
317
Calculate the greatest common divisor of 16511 and 352.
11
Calculate the greatest common divisor of 139440 and 330.
30
What is the highest common divisor of 134026 and 38?
38
What is the greatest common factor of 109125 and 121347?
873
What is the greatest common factor of 2 and 36274?
2
What is the greatest common divisor of 78 and 129666?
6
What is the greatest common factor of 20 and 1264210?
10
Calculate the greatest common divisor of 284 and 1052078.
142
Calculate the greatest common divisor of 38620 and 10.
10
Calculate the highest common divisor of 4040 and 8920.
40
What is the greatest common factor of 474 and 44556?
474
Calculate the greatest common divisor of 12696 and 49752.
24
What is the highest common factor of 1739 and 611?
47
Calculate the greatest common divisor of 20344 and 32.
8
What is the greatest common factor of 165 and 719085?
15
Calculate the greatest common factor of 9709 and 10108.
133
Calculate the greatest common factor of 71 and 42671.
71
What is the highest common divisor of 232167 and 13?
13
What is the highest common factor of 626 and 172463?
313
What is the greatest common divisor of 18 and 101718?
18
Calculate the highest common divisor of 1743 and 812.
7
Calcula